s -124 + 1455366?
1455242
In base 13, what is b286 + 10a?
b393
In base 6, what is 444053 - -3133?
451230
In base 7, what is 2 + -4045402346?
-4045402344
In base 16, what is -5 - af9568?
-af956d
In base 7, what is -1013164520 + -3?
-1013164523
In base 11, what is -4 - -222555a?
2225556
In base 2, what is 1000010110101110101 - 111?
1000010110101101110
In base 9, what is -642000051 - -1?
-642000050
In base 5, what is 124 - -1044420133?
1044420312
In base 10, what is 84 + -1637909?
-1637825
In base 7, what is 64 - 2440144?
-2440050
In base 10, what is 2 + -2178403?
-2178401
In base 2, what is 11 + -1001001101011010001001?
-1001001101011010000110
In base 10, what is 258211 - 291?
257920
In base 6, what is -153341114 - -22?
-153341052
In base 9, what is 21 - -2005802?
2005823
In base 12, what is -5 - 727089a?
-72708a3
In base 9, what is 3714 - -26741?
31555
In base 11, what is 2a435 - -305?
2a73a
In base 6, what is 15302 + -411521?
-352215
In base 8, what is -415033046 - 1?
-415033047
In base 2, what is -11011001000 - 10110001000001?
-11001100001001
In base 15, what is 12d1b4c0 + -5?
12d1b4ba
In base 4, what is -1112 + 32313011?
32311233
In base 5, what is -10 + -22302332424?
-22302332434
In base 6, what is -544 - 250150?
-251134
In base 6, what is -52 + 1215013041?
1215012545
In base 13, what is -8b8 + -386?
-c71
In base 11, what is -7015163 + -6?
-7015169
In base 8, what is -5 + -523535?
-523542
In base 12, what is 1 + -b6042a5?
-b6042a4
In base 2, what is -100111 + 11001101011011010?
11001101010110011
In base 15, what is a40 - 1399?
-859
In base 5, what is -2013 + 3133020?
3131002
In base 9, what is 52 + 141152?
141214
In base 6, what is -2323 - 22111?
-24434
In base 5, what is 1411332 + -433131?
423201
In base 4, what is -1013221301332 + 11?
-1013221301321
In base 15, what is ea1807 + a?
ea1812
In base 4, what is 122 + -10331101230?
-10331101102
In base 4, what is -3103 + 12202?
3033
In base 5, what is 14 + -122000011?
-121444442
In base 12, what is -8718 - -29540?
20a24
In base 7, what is 333 - 1326?
-663
In base 10, what is 36789991 - 4?
36789987
In base 16, what is -373a3b + 1e?
-373a1d
In base 14, what is 336b83 - -7?
336b8a
In base 5, what is -1041412433 - -4?
-1041412424
In base 10, what is -2 - -1851343?
1851341
In base 12, what is 201405 - 5?
201400
In base 10, what is -34211830 + -5?
-34211835
In base 13, what is 583714a + 2?
583714c
In base 16, what is 0 - -6effa7?
6effa7
In base 8, what is 0 + 43402504?
43402504
In base 7, what is 2535511 + 3?
2535514
In base 8, what is 44663 + 246510?
313373
In base 12, what is -12a - -135417b?
1354051
In base 2, what is -111111001000101100101110110 + 1?
-111111001000101100101110101
In base 10, what is 15606477 - 22?
15606455
In base 5, what is -102 - -144031340?
144031233
In base 7, what is 3603 - 44123?
-40220
In base 13, what is 369 + 7093?
742c
In base 2, what is -1111010001111000000100001 + -100?
-1111010001111000000100101
In base 13, what is 5 + -2705ba?
-2705b5
In base 6, what is 2 - -1433105211?
1433105213
In base 13, what is 2 - 8b2a3?
-8b2a1
In base 4, what is -30 + 10232230002222?
10232230002132
In base 15, what is -27a8b - -1a33?
-26058
In base 6, what is -4 + 3525443411?
3525443403
In base 10, what is 5 - 116630?
-116625
In base 11, what is 1259779 + 385?
125a053
In base 7, what is -11545003406 + 4?
-11545003402
In base 13, what is -2a7 + 7b310?
7b036
In base 6, what is 10 + -45524302?
-45524252
In base 2, what is 10000100111001100 + 1000011110111?
10001101011000011
In base 13, what is -8bb9 - -41b3?
-4a06
In base 2, what is 10100101000110111101100100 + -1?
10100101000110111101100011
In base 3, what is 101221 + 2102000112?
2102102110
In base 7, what is -4314006 - -13?
-4313663
In base 8, what is -203 - -70731?
70526
In base 10, what is -193261734 + -5?
-193261739
In base 11, what is 16330 - -a4?
16424
In base 12, what is -68 + -27653?
-276bb
In base 14, what is -39 - -7112ad?
711274
In base 10, what is -24814634 + 4?
-24814630
In base 14, what is aa1 + -18b14?
-18053
In base 9, what is 327651 + 335?
328086
In base 16, what is -8 - 1777c?
-17784
In base 10, what is 49688 + -6?
49682
In base 7, what is 114155 - -3253?
120441
In base 13, what is ab1ca + 70?
ab26a
In base 6, what is 4113 + 121405?
125522
In base 9, what is -56302661 - -4?
-56302656
In base 14, what is 271 - 2d57?
-2ac6
In base 14, what is 7d + -39074?
-38dd5
In base 13, what is -19 - 1373a15?
-1373a31
In base 9, what is 1182 - -3811?
5103
In base 11, what is 2021a4 - 11?
202193
In base 7, what is 20553601342 + -4?
20553601335
In base 3, what is -2112 + 20011200002?
20011120120
In base 15, what is 19617c3 - 3?
19617c0
In base 6, what is -4 - 512214015?
-512214023
In base 13, what is -314c4915 + -2?
-314c4917
In base 14, what is b454372 + 4?
b454376
In base 10, what is -1848066 + 87?
-1847979
In base 6, what is 1213155 + 2533?
1220132
In base 14, what is -21 + 3276c?
3274b
In base 6, what is -241 - -31251353?
31251112
In base 11, what is -2431227 - 28?
-2431254
In base 11, what is -2 - 455a4984?
-455a4986
In base 8, what is 273101 + 537?
273640
In base 2, what is 1011 - 11011101111100001110011?
-11011101111100001101000
In base 10, what is 699 - -7949?
8648
In base 2, what is -100110010011000010 - 100100110000?
-100110110111110010
In base 14, what is 1a6d2 + -294?
1a43c
In base 5, what is -21 - 134234023?
-134234044
In base 12, what is -49 + -91b2?
-923b
In base 12, what is -4 + -1109a8?
-1109b0
In base 12, what is 22891 + -726b?
17622
In base 15, what is -2b4a8 + 231?
-2b277
In base 11, what is -38 - -117328?
1172a0
In base 15, what is 4c16 - 1004?
3c12
In base 8, what is 7746 - -30171?
40137
In base 13, what is -41182a16 - -2?
-41182a14
In base 7, what is 160 - 2242122?
-2241632
In base 13, what is 39a9c6c9 + 5?
39a9c701
In base 4, what is -10102133022213 - -3?
-10102133022210
In base 11, what is -146647 + -8?
-146654
In base 2, what is -11001001101111001 + -110110?
-11001001110101111
In base 5, what is -1140444 + 2021?
-1133423
In base 6, what is -2 - 155310323?
-155310325
In base 4, what is -323211310030 - -10?
-323211310020
In base 10, what is 4681 + 1723?
6404
In base 2, what is 101 - 100101110110101000110010000?
-100101110110101000110001011
In base 16, what is 39 + 2e21?
2e5a
In base 12, what is 18a - -1a318?
1a4a6
In base 9, what is 45 - 12501005?
-12500850
In base 11, what is -181 + -76971?
-77042
In base 4, what is -100222011211 + -320?
-100222012131
In base 7, what is -2 - 144211645?
-144211650
In base 16, what is -d - dbb13?
-dbb20
In base 6, what is -121231 + -1210420?
-1332051
In base 8, what is 205 - 273254?
-273047
In base 7, what is 0 + -31315216?
-31315216
In base 6, what is -1345321443 + 23?
-1345321420
In base 8, what is -345 + 5601342?
5600775
In base 3, what is 101221 - -110012022?
110121020
In base 7, what is -4200 - 31135?
-35335
In base 12, what is 4820b + 102?
48311
In base 9, what is 28744 - 311?
28433
In base 14, what is c1 - 7795?
-76b4
In base 12, what is -28b3446 - -1?
-28b3445
In base 15, what is -71c545 - 1?
-71c546
In base 10, what is -4498534 - -5?
-4498529
In base 16, what is -e - -5f01b4?
5f01a6
In base 11, what is -24 - -584751?
584728
In base 6, what is -1053 + 2052030?
2050533
In base 3, what is -111122 + -12122102?
-20011001
In base 13, what is -4a610451 - 4?
-4a610455
In base 12, what is -660b + -29404?
-33a13
In base 13, what is 463 + 5ab5c?
5b2c2
In base 4, what is 3133300023223 - 13?
3133300023210
In base 10, what is -1437 + -657143?
-658580
In base 12, what is 80244b + 20?
80246b
In base 3, what is 1210000202 + -22201121?
1110022011
In base 3, what is -120 - -1221200012222?
1221200012102
In base 10, what is 1 - -15501269?
15501270
In base 12, what is 54b + 21924?
22273
In base 15, what is 2 + 448aeeb?
448aeed
In base 6, what is -42101503 + 3154?
-42054305
In base 14, what is 134b648 - -a?
134b654
In base 4, what is -3 + 11021201032000?
11021201031331
In base 3, what is 2 + 2101121120011121?
2101121120011200
In base 8, what is 10106 - 25315?
-15207
In base 3, what is 2210100112 - -112011?
2210212200
In base 13, what is 55c6a43 - 2?
55c6a41
In base 3, what is -10000000 - 10112222012?
-10122222012
In base 3, what is 10 - -101022220111020?
101022220111100
In base 7, what is -11 + -